0
Let a(w) = w**3 + 6*w**2 + 4*w - 7. Calculate the remainder when 26 is divided by a(-4).
8
Suppose 9 = -2*f + 31. Suppose -5*c = -16 - 74. Calculate the remainder when c is divided by f.
7
Let u be 10 - (-4)/((-8)/6). Let k = -3 + u. Suppose 4*d = 2*d + 4. Calculate the remainder when k is divided by d.
0
Let o(j) = j**3 - 3*j**2 + 5. Let m(t) = -t**2 - t + 11. Suppose 5*i = 11*i. What is the remainder when o(4) is divided by m(i)?
10
Calculate the remainder when (-47)/2*5/(10/(-4)) is divided by 10.
7
Let x(q) = 34*q - 17. Calculate the remainder when x(4) is divided by 61.
58
Let y = -212 + 222. Calculate the remainder when 56 is divided by y.
6
Suppose 0*h + 92 = i - 2*h, 5*i - 4*h = 454. Let l = -64 + i. Calculate the remainder when l is divided by 7.
5
Suppose 6 = i - 27. Calculate the remainder when i is divided by 18.
15
Suppose 4*p - 35 - 33 = -4*d, 0 = -3*p. Calculate the remainder when 49 is divided by d.
15
Let h(m) = m**3 - 9*m**2 + 11*m - 6. Calculate the remainder when 52 is divided by h(8).
16
Suppose -58 = -5*o + 2. What is the remainder when 81 is divided by o?
9
Let d = -3 + 23. What is the remainder when 77 is divided by d?
17
Let b(p) = p**2 - 6*p + 14. Let i be b(6). Suppose -2*k + 4*k - i = 0. Calculate the remainder when 10 is divided by k.
3
Let j = 3 - 0. Suppose a - 2 = -j*s, 4*s + 0 = -5*a - 1. Calculate the remainder when 2 is divided by s.
0
What is the remainder when 43 is divided by ((-48)/(-80))/((-1 + 2)/20)?
7
Let o = 15 + 5. Let d = 2 + o. What is the remainder when d is divided by 6?
4
Suppose 3*g = 19 + 5. Let m = -65 + 95. Calculate the remainder when m is divided by g.
6
Let r be 5/(3/(-9)*-3). Suppose r*d - 9 = 56. Let p = -4 + 11. Calculate the remainder when d is divided by p.
6
Let d(o) = 2*o**2 - o**2 + 3*o**2 - 2*o**2 - 1. Calculate the remainder when d(5) is divided by 13.
10
Suppose -3*r - 484 = -2*k - r, 5*k + 5*r - 1240 = 0. What is the remainder when k is divided by 19?
17
Calculate the remainder when 62 is divided by 5 + (0 - 7) + (-38)/(-2).
11
Let z = 10 + -5. Suppose i = 2*f + 20, 5*i - i - z*f = 71. Let x(p) = -p**3 + 4*p**2 + 5. What is the remainder when i is divided by x(4)?
4
Let t be (-19 - 1)*(-2)/5. Let v(z) = -z**3 + 9*z**2 - 12*z + 1. Let k be v(t). Let l = -21 - k. What is the remainder when 17 is divided by l?
7
Let n = 27 + -23. What is the remainder when 9 is divided by n?
1
Let b be (-4)/1 + 2 + 10. Suppose b = y + 2. Suppose -4*j = -3*l + 93, 5*l - 3*j - 126 = -y*j. What is the remainder when l is divided by 14?
13
Suppose -3*b + 2*l + 31 = 2*b, -l = -3*b + 19. What is the remainder when 60 is divided by b?
4
Suppose -2*l + 272 = -336. Calculate the remainder when l is divided by 61.
60
Let y = -21 - -11. Let h(b) = 10 - 2 + 12*b + b**2 - 3*b. What is the remainder when 35 is divided by h(y)?
17
Let f = -1 + 1. Suppose 2*v + 0*v - 12 = f. Suppose 0 = 5*n + v - 36. Calculate the remainder when n is divided by 4.
2
Let q(k) = -k**2 + 2*k + 2. Let x be q(4). Let j = 10 + -5. What is the remainder when j is divided by x/(-4) - (-7)/14?
1
Let g = 63 + -52. Calculate the remainder when 30 is divided by g.
8
Suppose -4*m + 27 = -5*u, m + 30 = 6*m - 5*u. Suppose 0 = -2*y - 2*s + 10, s = m*y - s - 35. Calculate the remainder when y is divided by 5.
4
Suppose 0 = -5*x - 5*r + 35, -3*x + 10 + 13 = 4*r. Let l(n) = -n**2 + 4*n - 2. Let a be l(x). Let d = -5 - a. Calculate the remainder when d is divided by 2.
0
Suppose -16*x + 15*x + 22 = 0. Suppose 3*b = 132 + 81. Let p = b - 29. What is the remainder when p is divided by x?
20
Suppose -4*z = -4*n + 72, 5*z + 50 + 72 = -3*n. Let t = -11 - z. What is the remainder when 32 is divided by t?
10
Let w(o) = -10*o**2 + 5*o + 3. Let y be w(4). Let b = y + 208. Calculate the remainder when b is divided by 24.
23
Let r(k) = -k**3 + 7*k**2 - 5*k - 1. Let u be r(6). Suppose 44 = u*g - 31. Suppose -34 = -2*z + 20. What is the remainder when z is divided by g?
12
Let q(a) = 2*a**2 + 4*a - 5. Let o = -3 + 5. Calculate the remainder when q(-4) is divided by 3 + (4/o - 1).
3
Let q = -12 + 18. Suppose -q*h - 2*g - 28 = -2*h, 0 = -5*h - 2*g - 34. What is the remainder when 37 is divided by (-112)/h - 3/(-9)?
18
Let l(z) = 23*z**2 + 6. What is the remainder when l(3) is divided by 54?
51
Suppose -5*f = -5*n + 40, -24 = -3*n + 4*f - 2*f. Suppose 4*h = -5*t + 75, -7*h = 4*t - 2*h - 60. Calculate the remainder when t is divided by n.
7
Let w be 8/(-36) + (-133)/9. Let s = w + 27. Calculate the remainder when 22 is divided by s.
10
Let h = -2 - -4. Let q be 3/3*1*-1. What is the remainder when 13 is divided by (h*(-5)/2)/q?
3
Calculate the remainder when 85 is divided by (-70)/(-3) - 4/(-24)*-2.
16
Let r be 0/(-2) - (-37 + -2). Let y = -22 + r. Suppose -s = 4*s - x - 45, 5*x = 3*s - 27. What is the remainder when y is divided by s?
8
Suppose 3*g = -28 - 44. Calculate the remainder when 17 is divided by ((-6)/(-4))/((-4)/g).
8
Let d(y) = 6*y**2 - y - 1. Let w be d(-1). Suppose -3*p - s + w*s = -31, -5*p + 4*s + 43 = 0. What is the remainder when p is divided by 3?
1
Let g = 5 - 0. Suppose -4*k = -9*z + 4*z - 36, -g*k + z + 45 = 0. Calculate the remainder when 26 is divided by k.
8
Suppose 0 = -3*y - 0*y + 2*x + 44, 3*y - 38 = -4*x. Calculate the remainder when y is divided by 9.
5
Let l be (-11)/(-22) + 53/2. Let q = 10 + l. What is the remainder when q is divided by 19?
18
Let x = -18 - -12. Calculate the remainder when 2*(-15)/x*5 is divided by 2/(-4)*(-36)/2.
7
Let z = 17 + -13. Let l(g) = 2*g**2 - g - 13. Suppose -h + 2*f - 5 = -3, 2*f - 42 = -4*h. What is the remainder when l(z) is divided by h?
7
Let z(x) be the first derivative of -x**2/2 + 5*x - 5. Calculate the remainder when 59 is divided by z(-10).
14
Let o = 8 - 12. Let r = o + 9. Suppose 0 = b - 3, 0 = 4*m + r*b - 143. What is the remainder when m is divided by 11?
10
Let q(w) = w**2 - 4*w - 10. Let h = 3 + -1. Suppose 4*f + 32 = h*c, c - 26 = 4*f + 2*c. Calculate the remainder when q(f) is divided by 23.
21
Suppose -x = -6 - 15. Suppose g - 33 = x. What is the remainder when g is divided by 14?
12
Suppose 4 = -t + 7. What is the remainder when 11 is divided by t?
2
Let g = 106 + -103. Calculate the remainder when 47 is divided by g.
2
Calculate the remainder when 21 is divided by ((-4)/(-5))/(2/20).
5
What is the remainder when (-2 + 22 - -4) + 1 is divided by 92/10 + 2/(-10)?
7
Suppose k + 43 = 2*k - b, b = 1. Suppose 3*t - k = -t. What is the remainder when 40 is divided by t?
7
Let u(x) = -x**3 - 6*x**2 - 2*x - 2. Let k = 54 + -27. Calculate the remainder when k is divided by u(-6).
7
Let h(i) = i**3 + 5*i**2 - 5*i - 4. Calculate the remainder when h(4) is divided by 41.
38
Let t(m) = -m**2 - 8*m - 3. Let r be t(-7). Suppose -r*s + 150 = 26. What is the remainder when s is divided by 8?
7
Let y be -1 - (-1)/((-2)/(-10)). Suppose -4*v + y*t + 104 = 0, v - 2*t + 7*t - 26 = 0. What is the remainder when v is divided by 14?
12
Let d(l) = 3*l + 7. Let r be 1 - (-1 + 16)/(-3). Let y = 1 + r. What is the remainder when d(y) is divided by 10?
8
Let z(c) = c**2 - 5*c - 2. Suppose -5*p + 56 + 34 = 0. Calculate the remainder when p is divided by z(6).
2
What is the remainder when 2/(12/(-333))*24/(-18) is divided by 25?
24
Suppose -18 = -4*n + 18. Let a = n - 5. Calculate the remainder when 14 is divided by a.
2
Let d(c) = -2*c**3 + 7*c**2 - 7*c - 5. Let y(g) = -g**3 + 6*g**2 - 6*g - 5. Let w(f) = 2*d(f) - 3*y(f). What is the remainder when 18 is divided by w(-5)?
8
Suppose -5*v - 2*h = -61, v + 3*v + 4*h = 56. What is the remainder when 42 is divided by v?
9
What is the remainder when 52 is divided by ((-16)/(-4))/(9/(-12) - -1)?
4
Let p(s) = 4*s**2 + 4*s - 1. Let l(m) = 2*m + 9. Let a be l(-6). Calculate the remainder when p(a) is divided by 8.
7
Let t(k) = k**3 + 0*k**3 + 6 + 7*k + 11*k**2 + 3*k. Let u be t(-10). Suppose -4*z + 62 = -u. Calculate the remainder when z is divided by 6.
5
Suppose -2*n + 17 = 4*j - 83, 3*n - 102 = -4*j. What is the remainder when j is divided by 7?
3
Suppose -16*p + 21*p = 190. Calculate the remainder when p is divided by 13.
12
Let b(w) = 4*w - 6. Suppose 0*o - 3*o = -15. Let i(t) = t**2 - 6*t + 1. Calculate the remainder when b(o) is divided by i(7).
6
Let j(m) = 